ghest common factor of 38 and 304?
38
Calculate the highest common factor of 553 and 79.
79
Calculate the highest common divisor of 640 and 10.
10
What is the highest common factor of 34 and 39814?
34
Calculate the greatest common factor of 159 and 18.
3
Calculate the greatest common factor of 232 and 870.
58
What is the greatest common factor of 220 and 66?
22
What is the greatest common factor of 156 and 36?
12
What is the highest common factor of 4642 and 22?
22
What is the highest common divisor of 306 and 170?
34
What is the highest common divisor of 3850 and 110?
110
Calculate the highest common factor of 67 and 1.
1
Calculate the highest common divisor of 189 and 231.
21
Calculate the highest common divisor of 67 and 8509.
67
What is the greatest common divisor of 22816 and 92?
92
What is the greatest common factor of 19 and 6517?
19
Calculate the highest common divisor of 273 and 42.
21
What is the greatest common factor of 84 and 228?
12
Calculate the highest common divisor of 1158 and 18.
6
What is the highest common divisor of 24 and 18?
6
What is the highest common factor of 15 and 325?
5
What is the greatest common divisor of 12 and 96?
12
Calculate the highest common factor of 1592 and 597.
199
What is the greatest common factor of 14 and 28?
14
Calculate the greatest common factor of 45 and 2475.
45
Calculate the greatest common divisor of 748 and 1700.
68
Calculate the highest common divisor of 11615 and 101.
101
Calculate the highest common factor of 93 and 3.
3
Calculate the highest common divisor of 7007 and 22.
11
What is the highest common divisor of 36 and 14592?
12
What is the highest common factor of 66 and 1551?
33
Calculate the highest common divisor of 7690 and 10.
10
What is the greatest common divisor of 18 and 369?
9
What is the greatest common factor of 98 and 161?
7
What is the highest common divisor of 2418 and 4?
2
What is the highest common factor of 48 and 32?
16
What is the greatest common factor of 229 and 1?
1
What is the greatest common factor of 435 and 80?
5
Calculate the greatest common divisor of 4 and 22.
2
What is the greatest common factor of 9 and 657?
9
Calculate the greatest common factor of 2 and 52.
2
What is the greatest common divisor of 110 and 1270?
10
What is the highest common factor of 304 and 4028?
76
Calculate the greatest common divisor of 5427 and 81.
81
Calculate the greatest common factor of 704 and 187.
11
Calculate the highest common divisor of 21 and 21.
21
Calculate the highest common divisor of 24 and 204.
12
What is the highest common factor of 1250 and 100?
50
What is the greatest common divisor of 2532 and 144?
12
What is the highest common divisor of 273 and 3367?
91
What is the greatest common divisor of 154 and 55?
11
What is the highest common factor of 348 and 2900?
116
Calculate the greatest common divisor of 351 and 1131.
39
What is the highest common divisor of 896 and 56?
56
Calculate the highest common factor of 1905 and 195.
15
What is the greatest common factor of 170 and 70?
10
Calculate the greatest common divisor of 656 and 779.
41
What is the highest common factor of 406 and 98?
14
Calculate the highest common divisor of 1946 and 14.
14
Calculate the greatest common divisor of 1188 and 1716.
132
Calculate the highest common factor of 78 and 14.
2
Calculate the greatest common divisor of 2025 and 275.
25
Calculate the highest common divisor of 33 and 9647.
11
Calculate the greatest common factor of 9915 and 15.
15
Calculate the greatest common divisor of 67 and 36984.
67
Calculate the greatest common factor of 8 and 220.
4
What is the greatest common divisor of 10449 and 43?
43
What is the greatest common divisor of 16 and 208?
16
Calculate the greatest common factor of 5 and 205.
5
What is the greatest common factor of 1650 and 12?
6
What is the highest common divisor of 103 and 5459?
103
What is the greatest common factor of 81 and 135?
27
What is the greatest common factor of 1748 and 828?
92
Calculate the highest common factor of 100 and 1150.
50
What is the highest common divisor of 476 and 21?
7
What is the highest common divisor of 1460 and 80?
20
What is the greatest common divisor of 12999 and 21?
21
What is the highest common divisor of 12 and 7212?
12
What is the highest common divisor of 4012 and 476?
68
Calculate the highest common factor of 869 and 11.
11
What is the highest common divisor of 994 and 28?
14
What is the highest common divisor of 28 and 525?
7
Calculate the greatest common factor of 27 and 117.
9
Calculate the highest common divisor of 207 and 26496.
207
Calculate the greatest common divisor of 5 and 35.
5
Calculate the highest common factor of 648 and 120.
24
Calculate the greatest common divisor of 34 and 11747.
17
What is the greatest common divisor of 13 and 1547?
13
Calculate the highest common divisor of 102 and 17646.
102
What is the highest common factor of 598 and 46?
46
What is the greatest common divisor of 12 and 150?
6
Calculate the highest common divisor of 30 and 108.
6
Calculate the highest common factor of 594 and 22.
22
What is the greatest common factor of 675 and 54?
27
What is the greatest common factor of 7623 and 462?
231
Calculate the greatest common divisor of 192 and 420.
12
Calculate the highest common factor of 11017 and 23.
23
Calculate the greatest common factor of 429 and 484.
11
What is the highest common factor of 18 and 496?
2
Calculate the greatest common factor of 597 and 9.
3
What is the highest common factor of 64 and 1376?
32
Calculate the greatest common factor of 623 and 28.
7
Calculate the highest common factor of 8 and 28.
4
Calculate the greatest common factor of 688 and 240.
16
What is the greatest common divisor of 34 and 2601?
17
Calculate the greatest common factor of 6 and 1437.
3
Calculate the greatest common divisor of 4773 and 258.
129
Calculate the greatest common divisor of 340 and 80.
20
What is the greatest common divisor of 15 and 65?
5
What is the highest common factor of 1162 and 28?
14
Calculate the highest common divisor of 847 and 22.
11
Calculate the highest common divisor of 241 and 1.
1
What is the highest common divisor of 304 and 32?
16
Calculate the highest common divisor of 120 and 80.
40
Calculate the highest common divisor of 1917 and 1136.
71
Calculate the greatest common factor of 145 and 174.
29
What is the greatest common divisor of 242 and 1474?
22
Calculate the highest common factor of 42 and 378.
42
What is the highest common factor of 42 and 28?
14
What is the highest common divisor of 778 and 4?
2
What is the greatest common factor of 2295 and 945?
135
What is the highest common divisor of 7 and 1505?
7
Calculate the highest common divisor of 19 and 2033.
19
Calculate the greatest common factor of 1961 and 53.
53
Calculate the highest common factor of 29502 and 44.
22
What is the highest common divisor of 520 and 3055?
65
What is the highest common divisor of 26 and 7982?
26
Calculate the greatest common factor of 118 and 1298.
118
What is the greatest common divisor of 298 and 7897?
149
What is the greatest common divisor of 34 and 323?
17
Calculate the highest common factor of 132 and 572.
44
What is the highest common divisor of 147 and 245?
49
Calculate the greatest common factor of 52 and 364.
52
Calculate the highest common factor of 322 and 12075.
161
Calculate the greatest common factor of 96 and 4128.
96
Calculate the highest common factor of 1391 and 143.
13
Calculate the highest common factor of 17 and 34.
17
Calculate the highest common factor of 31 and 899.
31
Calculate the greatest common factor of 105 and 5271.
21
Calculate the highest common divisor of 464 and 704.
16
Calculate the greatest common divisor of 17 and 4131.
17
What is the greatest common factor of 68376 and 77?
77
Calculate the greatest common factor of 12975 and 150.
75
Calculate the highest common factor of 22 and 44605.
11
What is the highest common divisor of 24 and 1812?
12
What is the greatest common factor of 20 and 32?
4
What is the greatest common factor of 5343 and 78?
39
Calculate the highest common divisor of 228 and 24.
12
Calculate the greatest common divisor of 2510 and 10.
10
Calculate the greatest common divisor of 256 and 9216.
256
What is the grea